{"id":216,"date":"2018-03-21T11:50:41","date_gmt":"2018-03-21T10:50:41","guid":{"rendered":"http:\/\/www.lumos.cz\/highland\/?page_id=216"},"modified":"2020-02-18T15:58:16","modified_gmt":"2020-02-18T14:58:16","slug":"charakteristika-zvirat-a-neco-malo-navic","status":"publish","type":"page","link":"https:\/\/www.lumos.cz\/highland\/charakteristika-zvirat-a-neco-malo-navic\/","title":{"rendered":"Charakteristika skotu Highland"},"content":{"rendered":"<p><img loading=\"lazy\" decoding=\"async\" class=\"size-medium wp-image-208 alignleft\" src=\"http:\/\/www.lumos.cz\/highland\/wp-content\/uploads\/2018\/03\/IMG_4748-1-300x225.jpg\" alt=\"\" width=\"300\" height=\"225\" srcset=\"https:\/\/www.lumos.cz\/highland\/wp-content\/uploads\/2018\/03\/IMG_4748-1-300x225.jpg 300w, https:\/\/www.lumos.cz\/highland\/wp-content\/uploads\/2018\/03\/IMG_4748-1-768x576.jpg 768w, https:\/\/www.lumos.cz\/highland\/wp-content\/uploads\/2018\/03\/IMG_4748-1-1024x768.jpg 1024w, https:\/\/www.lumos.cz\/highland\/wp-content\/uploads\/2018\/03\/IMG_4748-1-830x623.jpg 830w, https:\/\/www.lumos.cz\/highland\/wp-content\/uploads\/2018\/03\/IMG_4748-1-230x173.jpg 230w, https:\/\/www.lumos.cz\/highland\/wp-content\/uploads\/2018\/03\/IMG_4748-1-350x263.jpg 350w, https:\/\/www.lumos.cz\/highland\/wp-content\/uploads\/2018\/03\/IMG_4748-1-480x360.jpg 480w\" sizes=\"(max-width: 300px) 100vw, 300px\" \/>O tomto plemeni ji\u017e bylo mnohokr\u00e1t zmi\u0148ov\u00e1no a ps\u00e1no, tak\u017ee se vlastn\u011b budeme opakovat. Tak, jak se uv\u00e1d\u00ed, skute\u010dn\u011b m\u016f\u017eeme z vlastn\u00ed zku\u0161enosti potvrdit, \u017ee se jedn\u00e1 o nen\u00e1ro\u010dn\u00e9 plemeno, klidn\u00e9 povahy. Poch\u00e1z\u00ed ze skotsk\u00e9 vyso\u010diny, ze severoz\u00e1padn\u00ed oblasti a centr\u00e1ln\u00edho Skotska, co\u017e napov\u00edd\u00e1 i samotn\u00fd n\u00e1zev plemene, Skotsk\u00fd n\u00e1horn\u00ed skot. Z toho d\u00e1le vypl\u00fdv\u00e1, \u017ee je zvykl\u00e9 na drsn\u00e9 podm\u00ednky, s celoro\u010dn\u00edm pobytem venku, na skromnou pastvu, kde nen\u00ed tolik \u017eivin a celkov\u011b na malou n\u00e1ro\u010dnost chovu. Dok\u00e1\u017e\u00ed si vz\u00edt z &#8222;chud\u00e9&#8220; tr\u00e1vy v\u0161echny jej\u00ed \u017eiviny.<br \/>\nZ na\u0161ich zku\u0161enost\u00ed s chovem tohoto plemene mohu \u0159\u00edci, \u017ee je d\u00e1le pot\u0159eba, aby zv\u00ed\u0159ata m\u011bla st\u00edn v letn\u00edch m\u011bs\u00edc\u00edch a mo\u017enost se podrbat.<\/p>\n<p>Jedn\u00e1 se o plemeno dlouhov\u011bk\u00e9, men\u0161\u00edho vzr\u016fstu, nen\u00e1ro\u010dn\u00e9 se snadn\u00fdmi porody v\u010detn\u011b v\u00fdborn\u00fdch mate\u0159sk\u00fdch vlastnost\u00ed &#8211; to v\u0161e m\u016f\u017eeme potvrdit. Plemeno highland m\u00e1 vlastnosti odpov\u00eddaj\u00edc\u00ed po\u017eadavk\u016fm na chov v souladu s \u017eivotn\u00edm prost\u0159ed\u00edm a p\u0159\u00edrodou.<\/p>\n<p>Objev\u00ed-li se film, kter\u00fd je n\u011bjak spjat se skotskou krajinou, t\u00e9m\u011b\u0159 v\u017edy je mo\u017en\u00e9 tam zahl\u00e9dnout toto plemeno. Napad\u00e1 mne film Highlander s Christophem Lambertem a Seanem Connerym v hlavn\u00edch rol\u00edch.<\/p>\n<p>V na\u0161em p\u0159\u00edpad\u011b n\u00e1s plemeno Highland zaujalo svou kr\u00e1sou. Ano, kdo m\u00e1 r\u00e1d zv\u00ed\u0159ata v\u00ed, o \u010dem mluv\u00edm.<br \/>\nTak\u00e9 jsme v\u011bd\u011bli, \u017ee prost\u0159ed\u00ed okolo n\u00e1s chceme &#8222;ud\u011blat lep\u0161\u00ed&#8220;, odd\u011blit pr\u016fmyslovou \u010d\u00e1st od t\u00e9 obytn\u00e9 a z\u00e1rove\u0148, m\u00edt hezk\u00fd pohled na n\u011bco m\u00e9n\u011b obvykl\u00e9ho.<\/p>\n","protected":false},"excerpt":{"rendered":"<p>O tomto plemeni ji\u017e bylo mnohokr\u00e1t zmi\u0148ov\u00e1no a ps\u00e1no, tak\u017ee se vlastn\u011b budeme opakovat. Tak, jak se uv\u00e1d\u00ed, skute\u010dn\u011b m\u016f\u017eeme z vlastn\u00ed zku\u0161enosti potvrdit, \u017ee se jedn\u00e1 o nen\u00e1ro\u010dn\u00e9 plemeno, klidn\u00e9 povahy. Poch\u00e1z\u00ed ze skotsk\u00e9 vyso\u010diny, ze severoz\u00e1padn\u00ed oblasti a centr\u00e1ln\u00edho Skotska, co\u017e napov\u00edd\u00e1 i samotn\u00fd n\u00e1zev plemene, Skotsk\u00fd n\u00e1horn\u00ed skot. Z toho d\u00e1le vypl\u00fdv\u00e1, [&hellip;]<\/p>\n","protected":false},"author":1,"featured_media":0,"parent":0,"menu_order":0,"comment_status":"closed","ping_status":"closed","template":"","meta":{"footnotes":""},"_links":{"self":[{"href":"https:\/\/www.lumos.cz\/highland\/wp-json\/wp\/v2\/pages\/216"}],"collection":[{"href":"https:\/\/www.lumos.cz\/highland\/wp-json\/wp\/v2\/pages"}],"about":[{"href":"https:\/\/www.lumos.cz\/highland\/wp-json\/wp\/v2\/types\/page"}],"author":[{"embeddable":true,"href":"https:\/\/www.lumos.cz\/highland\/wp-json\/wp\/v2\/users\/1"}],"replies":[{"embeddable":true,"href":"https:\/\/www.lumos.cz\/highland\/wp-json\/wp\/v2\/comments?post=216"}],"version-history":[{"count":4,"href":"https:\/\/www.lumos.cz\/highland\/wp-json\/wp\/v2\/pages\/216\/revisions"}],"predecessor-version":[{"id":253,"href":"https:\/\/www.lumos.cz\/highland\/wp-json\/wp\/v2\/pages\/216\/revisions\/253"}],"wp:attachment":[{"href":"https:\/\/www.lumos.cz\/highland\/wp-json\/wp\/v2\/media?parent=216"}],"curies":[{"name":"wp","href":"https:\/\/api.w.org\/{rel}","templated":true}]}}